{"id":782,"date":"2018-08-29T22:11:47","date_gmt":"2018-08-30T01:11:47","guid":{"rendered":"https:\/\/isfd69-bue.infd.edu.ar\/sitio\/ubicacion\/"},"modified":"2023-06-06T17:59:28","modified_gmt":"2023-06-06T20:59:28","slug":"ubicacion","status":"publish","type":"page","link":"https:\/\/isfd69-bue.infd.edu.ar\/sitio\/ubicacion\/","title":{"rendered":"Ubicaci\u00f3n"},"content":{"rendered":"<h2><span style=\"color: #3366ff;\">Ubicaci\u00f3n:<\/span><\/h2>\n<p><b>Pedro Luro<\/b> es la localidad m\u00e1s austral del <a title=\"Partido de Villarino\" href=\"https:\/\/es.wikipedia.org\/wiki\/Partido_de_Villarino\">partido de Villarino<\/a>, ubicada en el extremo sudoeste de la <a title=\"Provincia de Buenos Aires\" href=\"https:\/\/es.wikipedia.org\/wiki\/Provincia_de_Buenos_Aires\">provincia de Buenos Aires<\/a>; sobre la margen izquierda del <a title=\"R\u00edo Colorado (Argentina)\" href=\"https:\/\/es.wikipedia.org\/wiki\/R%C3%ADo_Colorado_(Argentina)\">r\u00edo Colorado<\/a>. El paso de este curso de agua es fundamental para la econom\u00eda de la regi\u00f3n, ya que irriga la zona sur de Villarino y la zona norte de Patagones.<\/p>\n<p>El Instituto Superior de Formaci\u00f3n Docente se encuentra ubicado en Calle 12 N\u00b0 380 de la localidad de Pedro Luro, compartiendo edificio con la E.E.P. N\u00b0 33, y E.E.P.A. N\u00b0 703 .<\/p>\n<p>&nbsp;<\/p>\n<p><a style=\"border: 0;\" href=\"http:\/\/&lt;iframe src=\">\u00ab&gt;http:\/\/<iframe loading=\"lazy\" style=\"border: 0;\" src=\"https:\/\/www.google.com\/maps\/embed?pb=!1m10!1m8!1m3!1d10534.042462493093!2d-62.68670365750514!3d-39.50452112162464!3m2!1i1024!2i768!4f13.1!5e1!3m2!1ses!2sar!4v1685483900290!5m2!1ses!2sar\" width=\"800\" height=\"600\" allowfullscreen=\"allowfullscreen\"><\/iframe><\/a><\/p>\n","protected":false},"excerpt":{"rendered":"<p>Ubicaci\u00f3n: Pedro Luro es la localidad m\u00e1s austral del partido de Villarino, ubicada en el extremo sudoeste de la provincia de Buenos Aires; sobre la margen izquierda del r\u00edo Colorado. El paso de este curso de agua es fundamental para la econom\u00eda de la regi\u00f3n, ya que irriga la zona sur de Villarino y la &#8230; <a title=\"Ubicaci\u00f3n\" class=\"read-more\" href=\"https:\/\/isfd69-bue.infd.edu.ar\/sitio\/ubicacion\/\" aria-label=\"More on Ubicaci\u00f3n\">[+]<\/a><\/p>\n","protected":false},"author":94,"featured_media":0,"parent":0,"menu_order":0,"comment_status":"closed","ping_status":"closed","template":"","meta":[],"acf":[],"_links":{"self":[{"href":"https:\/\/isfd69-bue.infd.edu.ar\/sitio\/wp-json\/wp\/v2\/pages\/782"}],"collection":[{"href":"https:\/\/isfd69-bue.infd.edu.ar\/sitio\/wp-json\/wp\/v2\/pages"}],"about":[{"href":"https:\/\/isfd69-bue.infd.edu.ar\/sitio\/wp-json\/wp\/v2\/types\/page"}],"author":[{"embeddable":true,"href":"https:\/\/isfd69-bue.infd.edu.ar\/sitio\/wp-json\/wp\/v2\/users\/94"}],"replies":[{"embeddable":true,"href":"https:\/\/isfd69-bue.infd.edu.ar\/sitio\/wp-json\/wp\/v2\/comments?post=782"}],"version-history":[{"count":16,"href":"https:\/\/isfd69-bue.infd.edu.ar\/sitio\/wp-json\/wp\/v2\/pages\/782\/revisions"}],"predecessor-version":[{"id":1398,"href":"https:\/\/isfd69-bue.infd.edu.ar\/sitio\/wp-json\/wp\/v2\/pages\/782\/revisions\/1398"}],"wp:attachment":[{"href":"https:\/\/isfd69-bue.infd.edu.ar\/sitio\/wp-json\/wp\/v2\/media?parent=782"}],"curies":[{"name":"wp","href":"https:\/\/api.w.org\/{rel}","templated":true}]}}