{"id":1362,"date":"2023-06-05T20:04:30","date_gmt":"2023-06-05T23:04:30","guid":{"rendered":"https:\/\/isfd69-bue.infd.edu.ar\/sitio\/?page_id=1362"},"modified":"2026-03-12T17:22:35","modified_gmt":"2026-03-12T20:22:35","slug":"concursos","status":"publish","type":"page","link":"https:\/\/isfd69-bue.infd.edu.ar\/sitio\/concursos\/","title":{"rendered":"CONCURSOS"},"content":{"rendered":"<p style=\"text-align: right;\"><img decoding=\"async\" loading=\"lazy\" class=\"alignnone  wp-image-1651\" src=\"https:\/\/isfd69-bue.infd.edu.ar\/sitio\/wp-content\/uploads\/2026\/03\/LOGO-2026.png\" alt=\"\" width=\"419\" height=\"69\" \/><\/p>\n<p style=\"text-align: center;\">2026 \u2022 A\u00f1o de los Derechos Humanos por la Memoria, la Verdad y la Justicia. A 50 a\u00f1os de la \u00faltima Dictadura c\u00edvico militar.<\/p>\n<p style=\"text-align: center;\">\u00a0<\/p>\n<p style=\"text-align: center;\">INSTITUTO SUPERIOR DE FORMACI\u00d3N DOCENTE N\u00b069<\/p>\n<p style=\"text-align: center;\">SEDE PEDRO LURO<\/p>\n<p style=\"text-align: center;\">\u00a0<\/p>\n<h2 style=\"text-align: center;\">\u00a0<\/h2>\n<h2 style=\"text-align: center;\"><span style=\"color: #3366ff;\"><strong>COBERTURA DE C\u00c1TEDRA EN EL NIVEL SUPERIOR<\/strong><\/span><\/h2>\n<p style=\"text-align: center;\"><strong>\u00a0<\/strong><\/p>\n<p>La cobertura de c\u00e1tedras en Educaci\u00f3n Superior se realiza a trav\u00e9s de pruebas de selecci\u00f3n por evaluaci\u00f3n de t\u00edtulos, antecedentes y oposici\u00f3n seg\u00fan resoluci\u00f3n 6179\/25.<\/p>\n<p>&nbsp;<\/p>\n<p>Para la elaboraci\u00f3n de la propuesta de c\u00e1tedra se deber\u00e1 prestar especial atenci\u00f3n al anexo 3 de la resoluci\u00f3n mencionada. Respetar los requisitos formales de presentaci\u00f3n.<\/p>\n<p><strong><span style=\"color: #ff0000;\">Re<\/span><span style=\"color: #ff0000;\">soluci\u00f3n 6179\/25<\/span><\/strong><\/p>\n<p><a href=\"https:\/\/drive.google.com\/file\/d\/1nN47JI0-BiF-JB1gT1wdcXkmmkLRak-z\/view?usp=drive_link\">https:\/\/drive.google.com\/file\/d\/1nN47JI0-BiF-JB1gT1wdcXkmmkLRak-z\/view?usp=drive_link<\/a><\/p>\n<p><span style=\"color: #ff0000;\"><strong>INSCRIPCI\u00d3N<\/strong><\/span><\/p>\n<p>&nbsp;<\/p>\n<p>La Secretar\u00eda de Asuntos Docentes difundir\u00e1 a trav\u00e9s de sus canales de comunicaci\u00f3n las diferentes materias que estar\u00e1n disponibles para las pruebas de selecci\u00f3n del I.S.F.D N\u00b069 durante el ciclo lectivo 2026. En la difusi\u00f3n se especificar\u00e1 la fecha de inscripci\u00f3n en donde los aspirantes presentar\u00e1n los formularios 1 y 2 del anexo 9 de la resoluci\u00f3n con todas las probanzas que certifiquen lo declarado.<\/p>\n<p>&nbsp;<\/p>\n<p>La inscripci\u00f3n (con los formularios) deber\u00e1 ser enviadas al correo institucional (<a href=\"mailto:isfd69villarino@abc.gob.ar\">isfd69villarino@abc.gob.ar<\/a>) especificando en el asunto: apellido y nombre del aspirante, carrera, materia y a\u00f1o. El archivo deber\u00e1 ser enviado adjunto al mail en formato PDF (nombrar al archivo con el apellido y nombre del aspirante y nombre de la materia)<\/p>\n<p>&nbsp;<\/p>\n<p><span style=\"color: #ff0000;\"><strong>ENTREGA DE LA PROPUESTA<\/strong><\/span><\/p>\n<p><strong>\u00a0<\/strong><\/p>\n<p>la fecha de entrega de la propuesta estar\u00e1 especificada en la difusi\u00f3n realizada por la Secretar\u00eda de Asuntos Docentes. La entrega se realizar\u00e1 de manera presencial en la instituci\u00f3n: calle 12 N\u00b0380 (Pedro Luro) o Calle Las Heras N\u00b080 (M\u00e9danos).<\/p>\n<p>&nbsp;<\/p>\n<p>Cada aspirante ser\u00e1 notificado de cada una de las instancias en el \u00a0proceso de pruebas de selecci\u00f3n, por ello es fundamental que en el formulario de inscripci\u00f3n detalle el correo oficial para las notificaciones.<\/p>\n<p>&nbsp;<\/p>\n<p>.<\/p>\n<p>&nbsp;<\/p>\n<p>&nbsp;<\/p>\n<p>&nbsp;<\/p>\n<p>Consultas: en calle 12 N\u00b0380-Pedro Luro<\/p>\n<p>Tel 02928-421163<\/p>\n<p>Mail oficial de la instituci\u00f3n isfd69villarino@abc.gob.ar<\/p>\n<p>&nbsp;<\/p>\n<p>&nbsp;<\/p>\n<p>&nbsp;<\/p>\n<p>&nbsp;<\/p>\n<p>&nbsp;<\/p>\n","protected":false},"excerpt":{"rendered":"<p>2026 \u2022 A\u00f1o de los Derechos Humanos por la Memoria, la Verdad y la Justicia. A 50 a\u00f1os de la \u00faltima Dictadura c\u00edvico militar. \u00a0 INSTITUTO SUPERIOR DE FORMACI\u00d3N DOCENTE N\u00b069 SEDE PEDRO LURO \u00a0 \u00a0 COBERTURA DE C\u00c1TEDRA EN EL NIVEL SUPERIOR \u00a0 La cobertura de c\u00e1tedras en Educaci\u00f3n Superior se realiza a trav\u00e9s &#8230; <a title=\"CONCURSOS\" class=\"read-more\" href=\"https:\/\/isfd69-bue.infd.edu.ar\/sitio\/concursos\/\" aria-label=\"More on CONCURSOS\">[+]<\/a><\/p>\n","protected":false},"author":94,"featured_media":0,"parent":0,"menu_order":0,"comment_status":"closed","ping_status":"closed","template":"","meta":[],"acf":[],"_links":{"self":[{"href":"https:\/\/isfd69-bue.infd.edu.ar\/sitio\/wp-json\/wp\/v2\/pages\/1362"}],"collection":[{"href":"https:\/\/isfd69-bue.infd.edu.ar\/sitio\/wp-json\/wp\/v2\/pages"}],"about":[{"href":"https:\/\/isfd69-bue.infd.edu.ar\/sitio\/wp-json\/wp\/v2\/types\/page"}],"author":[{"embeddable":true,"href":"https:\/\/isfd69-bue.infd.edu.ar\/sitio\/wp-json\/wp\/v2\/users\/94"}],"replies":[{"embeddable":true,"href":"https:\/\/isfd69-bue.infd.edu.ar\/sitio\/wp-json\/wp\/v2\/comments?post=1362"}],"version-history":[{"count":22,"href":"https:\/\/isfd69-bue.infd.edu.ar\/sitio\/wp-json\/wp\/v2\/pages\/1362\/revisions"}],"predecessor-version":[{"id":1665,"href":"https:\/\/isfd69-bue.infd.edu.ar\/sitio\/wp-json\/wp\/v2\/pages\/1362\/revisions\/1665"}],"wp:attachment":[{"href":"https:\/\/isfd69-bue.infd.edu.ar\/sitio\/wp-json\/wp\/v2\/media?parent=1362"}],"curies":[{"name":"wp","href":"https:\/\/api.w.org\/{rel}","templated":true}]}}